vert 95729 (base 11) to base 8.
420046
What is 213203011012 (base 4) in base 7?
154056241
What is -b24c80 (base 13) in base 4?
-33311233021
5114111 (base 8) to base 14
271c37
What is -4311102 (base 5) in base 8?
-215714
What is -1706082 (base 9) in base 5?
-220333412
Convert 100101001000000011 (base 2) to base 8.
451003
-1511442 (base 10) to base 13
-40bc5a
What is 1036402 (base 7) in base 9?
213321
Convert e3bcd5 (base 15) to base 5.
10232320100
What is 3136a4 (base 11) in base 8?
1725543
Convert 4883a3 (base 11) to base 8.
2744550
Convert -630564 (base 7) to base 15.
-22176
11102114 (base 5) to base 8
275607
What is 5546 (base 11) in base 13?
3434
What is 45166 (base 11) in base 13?
23a09
What is -dc81 (base 15) in base 11?
-320a1
What is -2113303 (base 4) in base 14?
-377d
Convert 183952 (base 11) to base 14.
75370
What is -302212321 (base 4) in base 5?
-23113124
Convert -11022041 (base 5) to base 16.
-17427
Convert 1063756 (base 13) to base 11.
290a108
3d2385 (base 14) to base 10
2119073
-23251271 (base 9) to base 4
-223021233313
What is -2015244 (base 6) in base 7?
-546160
Convert -3223142442 (base 5) to base 2.
-11010001000010011010011
Convert 143add (base 15) to base 14.
1b51a2
1525010 (base 8) to base 10
436744
44458 (base 13) to base 6
2353021
134131 (base 9) to base 13
2b2a0
What is 3475265 (base 9) in base 16?
1cb0f8
What is -2135d24 (base 14) in base 7?
-250455344
Convert 2410111113 (base 5) to base 9.
11400216
Convert 5051644 (base 7) to base 12.
24b907
Convert 589f (base 16) to base 14.
83a7
Convert -3b176 (base 15) to base 8.
-561630
Convert 4066455 (base 7) to base 2.
1110110111110000000
Convert -21022022110 (base 3) to base 9.
-238273
-4061132 (base 7) to base 13
-13cc3a
Convert 106ba99 (base 12) to base 14.
5b7045
Convert -130020320110 (base 4) to base 10.
-7376404
What is -100100110100101111101110 (base 2) in base 13?
-1ccca92
-10011111011111010 (base 2) to base 15
-192dd
400622 (base 7) to base 16
107d2
Convert 101010110100000001111 (base 2) to base 15.
1caa15
Convert 35234 (base 14) to base 3.
20120111211
What is 1100110111101010100110 (base 2) in base 16?
337aa6
What is 1a4016 (base 12) in base 6?
13532030
Convert 15054 (base 13) to base 6.
503223
What is 312602 (base 8) in base 13?
38335
-2010230211 (base 4) to base 7
-4422423
Convert -500ba (base 13) to base 10.
-142958
Convert -6d5611 (base 14) to base 8.
-16213117
Convert -1340434044 (base 5) to base 7.
-41226206
What is a335 (base 14) in base 15?
84ba
What is -185e4c (base 15) in base 11?
-739a03
Convert 288f95 (base 16) to base 14.
4d2a33
15bb276 (base 14) to base 3
202002012010000
463908 (base 10) to base 13
133203
What is 164227 (base 9) in base 2?
11000110010001110
Convert 3c16d (base 15) to base 3.
100210100011
-d61f (base 16) to base 6
-1101435
-110012102100 (base 3) to base 5
-30141042
Convert -50202445 (base 7) to base 6.
-224555204
Convert 476603 (base 10) to base 4.
1310112323
What is 241639 (base 14) in base 11?
772647
-447577 (base 8) to base 11
-a3848
a4930 (base 15) to base 16
7f65c
31000332102 (base 4) to base 13
925c68
Convert -24419 (base 16) to base 7.
-1155650
Convert 10133030222 (base 4) to base 9.
2182588
-4854a5 (base 11) to base 10
-768586
What is 547a0 (base 15) in base 14?
6db1c
Convert -2200100212 (base 3) to base 5.
-3142004
Convert -120011011 (base 4) to base 7.
-560356
Convert b05973 (base 12) to base 9.
5146366
What is -72363 (base 11) in base 6?
-2132445
-70032 (base 15) to base 11
-222312
-106ac8 (base 15) to base 16
-beeef
Convert 244014323 (base 5) to base 12.
4799b3
What is -35cc88 (base 14) in base 3?
-10110112022102
What is -331323201 (base 4) in base 8?
-757341
-110142131 (base 5) to base 2
-1110011111000101010
Convert -110011110010001100100 (base 2) to base 5.
-413244433
201211102102 (base 3) to base 7
3213653
Convert 100010010001011110111101 (base 2) to base 12.
3013451
455110 (base 7) to base 11
55950
What is 1573317 (base 8) in base 16?
6f6cf
3665 (base 15) to base 14
4306
-551322233 (base 6) to base 10
-9870861
Convert -22112211221200 (base 3) to base 10.
-4543821
What is 104163 (base 10) in base 2?
11001011011100011
What is -497403 (base 15) in base 12?
-1217819
503705 (base 16) to base 8
24033405
What is -245306510 (base 7) in base 5?
-12424333000
Convert -7a9b0 (base 15) to base 3.
-201211102010
33421 (base 13) to base 5
10433402
16104a (base 16) to base 5
332232322
38649b (base 13) to base 9
2486508
73606 (base 15) to base 16
59520
What is 11011100111011101 (base 2) in base 16?
1b9dd
Convert 674a96 (base 12) to base 16.
192012
109a437 (base 12) to base 16
30aeeb
What is 1101100111011000001100 (base 2) in base 7?
42223504
Convert -22030211130 (base 4) to base 13.
-727866
What is 2230033002 (base 5) in base 8?
22621337
What is 3349 (base 15) in base 2?
10101001110101
201202112112020 (base 3) to base 10
10501629
What is -ce0ef (base 16) in base 12?
-348527
Convert -6062122 (base 8) to base 9.
-3005712
308023 (base 10) to base 8
1131467
What is 16b58 (base 12) in base 3?
1122221012
Convert -308984 (base 11) to base 4.
-1320312012
Convert 1101323230 (base 4) to base 14.
8a432
What is -a8a16b (base 13) in base 11?
-2267a45
Convert -34a81c (base 14) to base 10.
-1796170
What is -1b75b7 (base 12) in base 11?
-305069
-8a0ac6 (base 15) to base 9
-13344106
Convert 127032 (base 9) to base 2.
10010110111110111
-2267e (base 15) to base 2
-11010101110011101
Convert -579318 (base 15) to base 4.
-33331010303
Convert 26a4043 (base 12) to base 8.
35226463
Convert 3034120 (base 5) to base 9.
74541
-56718 (base 16) to base 14
-9306c
2474157 (base 13) to base 2
101011010010011100100010
What is -1451022 (base 7) in base 2?
-110000001001111001
-112022440 (base 5) to base 7
-4156310
Convert -3d0e85 (base 15) to base 8.
-13155205
-3b6e9 (base 16) to base 14
-64a01
Convert -1613685 (base 10) to base 15.
-21d1e0
What is 129727 (base 10) in base 9?
216851
Convert -100014 (base 11) to base 14.
-429aa
What is 97c16 (base 13) in base 4?
1003000223
Convert -444154 (base 7) to base 16.
-131d4
What is -120310122302 (base 4) in base 12?
-2219182
What is -1331123 (base 7) in base 11?
-10aaa1
-32101301 (base 6) to base 2
-11100101110010100101
Convert -ac2512 (base 16) to base 9.
-23204502
What is 31217627 (base 8) in base 13?
14b0645
Convert 6012428 (base 9) to base 15.
4323e5
Convert -cb61b (base 15) to base 7.
-5330246
Convert 3677156 (base 11) to base 7.
105224261
13285b (base 15) to base 13
262916
174b7a (base 15) to base 10
1129840
Convert -17822992 (base 10) to base 11.
-a073750
d0407 (base 14) to base 11
311897
Convert 1035332 (base 6) to base 16.
ca28
What is -28699 (base 15) in base 12?
-63100
-203102213333 (base 4) to base 14
-132b691
Convert -3bb271 (base 13) to base 2.
-101100010101001100111
Convert -2fd6 (base 16) to base 12.
-7106
-2021021110112 (base 3) to base 6
-41503452
2421294 (base 10) to base 7
26403111
-7864b4 (base 13) to base 9
-5310771
10132323130 (base 4) to base 6
41105004
Convert -64c19 (base 14) to base 8.
-734207
Convert 10122222100 (base 3) to base 4.
101213121
Convert 1130303233 (base 4) to base 12.
163ba7
What is -3046630 (base 10) in base 5?
-1234443010
What is 220222002212 (base 3) in base 12?
1b847b
What is 30131110303 (base 4) in base 8?
14352463
What is 30717034 (base 8) in base 6?
351532420
Convert 1531113 (base 8) to base 10.
438859
What is -70b56 (base 13) in base 12?
-98995
Convert 437a260 (base 11) to base 6.
432421010
Convert 276c1 (base 15) to base 8.
366706
-25afc (base 16) to base 10
-154364
Convert 2bd32a (base 14) to base 16.
176a3a
10b35ab (base 12) to base 8
14221223
What is -a7a8ca (base 14) in base 5?
-2423120323
What is 367219 (base 11) in base 13?
17434b
3221304443 (base 5) to base 11
393a931
196200 (base 13) to base 9
1177420
Convert -113141221 (base 5) to base 7.
-4301136
1152427 (base 8) to base 7
2456211
Convert -26115535 (base 7) to base 12.
-965b3a
1518966 (base 10) to base 8
5626566
1110100001001010010011 (base 2) to base 11
216a428
Convert -33246b (base 14) to base 11.
-a85662
Convert -26405325 (base 7) to base 3.
-11120001111000
What is -5668e (base 15) in base 2?
-1000011000110101011
What is -25e3e (base 15) in base 11?
-83184
351122 (base 9) to base 11
134400
What is -1116305 (base 7) in 